 factors of a(-4).
37
Suppose 8*l - 90 = 3*l. Suppose 5*u + 2 = 4*v - 0, -3*u - 4*v + l = 0. Suppose -3*r + 50 = -u*r. List the prime factors of r.
2, 5
Suppose 2*p + 3*z = 60, 0*p - 5*p + z = -133. Suppose 4*o - 373 = p. What are the prime factors of o?
2, 5
Let w be (-51)/(2*(-1)/2). Let g = w - 36. List the prime factors of g.
3, 5
Let w(v) = -v**3 + 12*v**2 + 10*v - 30. List the prime factors of w(6).
2, 3, 41
Let a = 10 + -18. What are the prime factors of (-426)/(-4) + (0 - 4/a)?
107
Let f(z) = -84*z - 4. Let x be f(-1). What are the prime factors of -3 + 8/(x/76 + -1)?
149
Suppose 4*v + 18 = -x + 2, -2*x - 20 = 5*v. Let y(i) be the first derivative of i**4/4 + i**2 + 2*i + 245. List the prime factors of y(x).
2
Suppose -12408 = 646*t - 654*t. List the prime factors of t.
3, 11, 47
Let t be -1 + ((-5)/(-15) - (-12)/(-9)). List the prime factors of (-2 - t)/(-1) + 8 + 83.
7, 13
Suppose -10*q + 18 = -13*q. List the prime factors of q + 6/3 - (-30 - -2).
2, 3
What are the prime factors of (-30)/330 - (185733/33)/(-3)?
2, 7, 67
Let k = 52 + -45. Suppose k*z + 224 - 1071 = 0. List the prime factors of z.
11
Let o(k) = 2*k + 28. Let j(l) be the first derivative of l**2/2 - 2*l - 2. Let g be j(2). What are the prime factors of o(g)?
2, 7
Let a(k) = -k**2 - 26*k + 111. What are the prime factors of a(-16)?
271
Let n be -28 - (-5 - (0 - 2)). Let b = n - -41. What are the prime factors of b?
2
Let j = -4 - -11. Suppose -4*y = -j*y + 132. Suppose 12*x - 10*x - y = 0. List the prime factors of x.
2, 11
Let x = 325 + 59. What are the prime factors of x?
2, 3
Suppose 95 = -t + 2*t. Suppose 2*m - m - t = 0. List the prime factors of m.
5, 19
Suppose 6*r + 3*r = 702. Let f = r - 17. List the prime factors of f.
61
List the prime factors of -7148*(-11)/(-220)*-5.
1787
Let u(f) = -6*f**3 - 6*f - 5. Let m = 106 + -109. List the prime factors of u(m).
5, 7
Suppose 0 = 4*j - 5*j + 10. Suppose j = 2*h + 4*m, -h - m = 3*h - 13. Suppose -h*o + 32 = -4*g + 110, o = 2. List the prime factors of g.
3, 7
Suppose 0 = -2*s - 5*q + 11129, -5*q - 5917 = -s - 375. What are the prime factors of s?
5557
Suppose a - 511 = -4*s, 4*s - 5*a = -0*s + 541. Let l = s - 74. What are the prime factors of l?
5, 11
Let v(n) = -76*n - 1. Let d be v(1). Let l = d + 116. Let x = -25 + l. What are the prime factors of x?
2, 7
Let g be 1 + 2 + 13 + -14. Suppose 13*d - 105 = -g*d. What are the prime factors of d?
7
Let w be (0 + -61)*((3 - 1) + 2). List the prime factors of 5/(-15) - w/12.
2, 5
Suppose 8 = 3*a - 64. Let h(g) = -4*g - 62. Let m be h(-14). Let z = a + m. List the prime factors of z.
2, 3
Suppose -5035 = -5*m - 5*w, 3*w + 252 = 5*m - 4767. List the prime factors of m.
3, 5, 67
Suppose p + 78 = 4*p + 2*o, 3*o + 149 = 5*p. Suppose 25 = -3*k - 2*k. Let i = k + p. List the prime factors of i.
23
Let r be -10*((-8)/10 + 0). Suppose r = 3*f - 4. Suppose f*d - 9*d + 180 = 0. List the prime factors of d.
2, 3
Let i(c) = -8*c + c**2 - 6 + 2*c - c. Let b be i(8). List the prime factors of 33 - 4*b/8.
2
Let k = 23 + -18. Suppose k*n = -5*l - 8 - 12, n + 5*l = -20. List the prime factors of 2 + -3 + n - -69.
2, 17
Let y(s) = 127*s**2 + 6*s + 12. What are the prime factors of y(-3)?
3, 379
Let y(o) = o**2 - 13*o - 28. Let z be y(15). Suppose 3*n = -u + 188, 3*u = z*n - 41 - 66. What are the prime factors of n?
61
What are the prime factors of -8 - -2*(-4220)/(-8)?
3, 349
Let b = 34 + -27. Let d(j) = j**2 - 6. What are the prime factors of d(b)?
43
Suppose v - c = c - 2, -2*v + 5*c - 5 = 0. Suppose 0 = -z + 5*l + 25, z + v*l - 32 = -2*l. What are the prime factors of z?
2, 3, 5
Suppose -3 = -x, -262 = 3*y - 5*x - 1024. What are the prime factors of y?
7, 37
Let x(d) = -d**2 - d. Let c(z) = -3*z**2 - 8*z - 9. Let f(h) = -c(h) + 2*x(h). List the prime factors of f(7).
2, 5
Let q = 420 + -301. List the prime factors of q.
7, 17
What are the prime factors of -1 + -2 - -6 - -6?
3
Let r(f) be the second derivative of 41*f**4/12 + 5*f**3/2 + 2*f**2 - 40*f. List the prime factors of r(-3).
2, 41
Let x(p) = p + 13. Let n be x(-10). Suppose 2*g = 1 + n. Suppose -2*c + 18 = g*m, 0 = 4*c - 2*m + m - 56. List the prime factors of c.
13
Suppose -h + 3*y = 97, -5*h - 2*y - 447 = 2*y. List the prime factors of h/(-2) - 2/4.
3, 5
Let n(a) = -a - 2. Let k be (-2)/12 - 82/12. Let l be n(k). Suppose l*y - 74 = 4*y. List the prime factors of y.
2, 37
Suppose 0 = 3*v - 15, 3*x + 8 = 5*x - 2*v. Suppose -13*m = -x*m - 244. List the prime factors of m.
61
Suppose 2*k + 3*w - 30 = 0, 0 = k - w + 4*w - 12. Suppose 42 + k = 5*d. What are the prime factors of (9/d)/((-5)/(-260))?
3, 13
Let i(h) = -h**3 + 29*h**2 - 29*h + 30. Let f be i(28). Let w(z) = 6*z**2 - 1. What are the prime factors of w(f)?
23
Suppose 5*k - 9 = 6. Suppose -5*v - c + 17 = 0, 3*c - 9 = -k*v + 6. Suppose 54 = a - v. List the prime factors of a.
3, 19
Suppose -2*g - 132 = 3*w + w, -g - 57 = -w. List the prime factors of (-1536)/g - 4/(-10).
2, 13
Let y be (-4)/(-10) + 49/(-35). List the prime factors of 15*(-1 + -3)*y.
2, 3, 5
What are the prime factors of ((-340)/3 + -7)*-3?
19
Suppose -15*z + 19*z = 84. What are the prime factors of z?
3, 7
Let f(d) = 46*d. Let h be f(-2). Let x = 40 + h. List the prime factors of x/13 + 12*1.
2
Let v(l) = 5*l - 14. Let x = 29 - 24. Let s be v(x). Let t = 56 - s. What are the prime factors of t?
3, 5
Let d = 19 - 16. Let v be (4 - d - -8)*-1. List the prime factors of 9/(v/3) - -16.
13
Let m(l) = -3*l + 26. Let r be m(11). Let z(c) = -9*c + 20. List the prime factors of z(r).
83
Suppose o = 319 - 44. What are the prime factors of o?
5, 11
Suppose 2*m = -5*h + 19 + 7, 4*m = 3*h. Let a(p) = -3*p + 151. Let j(u) = -2*u + 76. Let t(q) = m*a(q) - 5*j(q). List the prime factors of t(0).
73
Let u(j) = 48*j**2 - 16*j + 21. Let r(v) = 16*v**2 - 5*v + 7. Let m(k) = 7*r(k) - 2*u(k). List the prime factors of m(3).
2, 71
Let d(t) = 3*t**3 - 4*t**2 - 8*t - 1. Let x be d(5). Suppose x = 6*b - 258. What are the prime factors of b?
2, 41
Let x(k) = 124*k**2 + 44*k + 142. What are the prime factors of x(-3)?
2, 563
Suppose 5*d - 3*o = -2*o + 15, -2*o = 3*d - 22. Suppose 4*y - 3*z + 1 = 0, 0 = 3*y + 2*y - d*z + 2. List the prime factors of 2/(-4)*y*-32.
2
Let b(q) = 7*q**3 + 13 - q - 22*q - 6*q**3 + 16*q**2 + 5. List the prime factors of b(-17).
2, 3, 5
Let c = -41 - -24. Suppose 5*v + 194 = -4*z, -4*v - 180 = -2*z - z. Let t = c - v. List the prime factors of t.
5
Suppose 5*i - 5*o - 560 = 485, 0 = -5*i + o + 1025. Suppose -i = -m - 3*m. List the prime factors of m.
3, 17
Let k = 1413 - 936. List the prime factors of k.
3, 53
What are the prime factors of 57 + (-8)/(2 + 0)?
53
Let v(p) = 8*p**2 + 2*p - 3. Let s be v(-3). Suppose a - s = -15. Suppose 2*j = 5*u + 40, -3*j + u + a = -j. What are the prime factors of j?
5
Suppose -2*i + 36 = i. Let v be (5/(-4))/(3/i). List the prime factors of v + 6 - (-22 - 0).
23
Let s(i) = -47*i - 31. What are the prime factors of s(-7)?
2, 149
Let m be 8 + 2 - (1 - -2). Suppose -m*j + 3*j + 36 = 0. Let g(v) = 2*v - 11. List the prime factors of g(j).
7
Let z(h) = h**2 - 8*h + 10. Suppose -5*a - 33 = 92. Let i = -18 - a. List the prime factors of z(i).
3
Let r be (-4)/3 - 2/3. List the prime factors of r/(-2 - (-148)/75).
3, 5
Suppose -1 = j + 5*q, -3*j + 3 = 5*q - 4. Suppose 0 = 4*o + 5*c - 133, 0 = -j*o - c + 2*c + 103. List the prime factors of o.
3
Suppose 0*x - 12 = 4*x, 0 = 3*o + 4*x + 6. Let m(s) = 10*s - o - 7*s - s. What are the prime factors of m(9)?
2
Let q = 45 + 722. What are the prime factors of q?
13, 59
Suppose 0 = 903*o - 910*o + 15155. What are the prime factors of o?
5, 433
Let r(g) = -g**2 - 47*g - 97. What are the prime factors of r(-23)?
5, 7, 13
Suppose 8 - 23 = 3*x. Let l = 165 - x. Suppose 25 = t - 2*z, 0*t + 5*z = -5*t + l. What are the prime factors of t?
31
Suppose 4 + 2 = f. Let r = 5 - f. List the prime factors of 28 - (0/(-2) + r).
29
Suppose -3*d = 5*m - 5945, 9*m - 8*m = -3*d + 1177. What are the prime factors of m?
2, 149
Let j = -825 - -384. What are the prime factors of (-20)/(-6)*j/(-14)?
3, 5, 7
Suppose 0 = -j - 3*a + 5*a - 29, 2*a + 4 = 0. Suppose -3*k = 4 - 1, 4*t - 2*k - 282 = 0. Let w = j + t. List the prime factors of w.
37
Let n(i) = 4*i**2 - 4*i